96608?
True
Is 2334745 a multiple of 46?
False
Is 397 a factor of 135377?
True
Is 7 a factor of 7633?
False
Is 1505075 a multiple of 715?
True
Is 21 a factor of 2099580?
True
Is 654 a factor of 655144?
False
Is 227 a factor of 5342543?
False
Is 111 a factor of 126514?
False
Is 588 a factor of 1237740?
True
Is 9 a factor of 2111562?
True
Does 22 divide 2833908?
True
Is 482 a factor of 437814?
False
Is 47587 a multiple of 54?
False
Is 3633044 a multiple of 37?
False
Is 31 a factor of 10399763?
False
Is 12 a factor of 8791836?
True
Is 453 a factor of 4685708?
False
Does 269 divide 17188562?
True
Is 181138 a multiple of 83?
False
Is 36 a factor of 20160?
True
Is 419046 a multiple of 12?
False
Is 14 a factor of 434616?
True
Does 1534 divide 4486505?
False
Is 8380608 a multiple of 15?
False
Is 151 a factor of 62979?
False
Is 28 a factor of 1128344?
True
Is 712 a factor of 2913090?
False
Is 1895148 a multiple of 122?
True
Does 21 divide 4408500?
False
Is 348036 a multiple of 291?
True
Is 32 a factor of 28175?
False
Does 238 divide 639268?
True
Does 18 divide 106715?
False
Is 4 a factor of 88948?
True
Is 18 a factor of 397188?
True
Does 53 divide 182744?
True
Is 80367 a multiple of 261?
False
Does 37 divide 1315905?
True
Does 4 divide 26527?
False
Is 291 a factor of 47724?
True
Is 8459541 a multiple of 811?
True
Does 401 divide 362504?
True
Does 17 divide 29605?
False
Is 497202 a multiple of 6?
True
Is 4 a factor of 19295?
False
Is 131750 a multiple of 310?
True
Is 156429 a multiple of 91?
True
Is 26554 a multiple of 374?
True
Does 358 divide 2428300?
False
Is 8722425 a multiple of 75?
True
Does 8 divide 779448?
True
Does 52 divide 942812?
True
Does 15 divide 60713?
False
Does 58 divide 154396?
True
Is 36 a factor of 612?
True
Does 1237 divide 15845970?
True
Does 231 divide 9943801?
False
Is 47 a factor of 159941?
True
Does 9 divide 643610?
False
Is 468 a factor of 1178708?
False
Does 52 divide 24076?
True
Is 191 a factor of 659332?
True
Is 7 a factor of 572278?
True
Is 112 a factor of 306992?
True
Is 97 a factor of 507420?
False
Is 286767 a multiple of 57?
True
Does 5 divide 237717?
False
Is 81 a factor of 2276181?
True
Is 13957609 a multiple of 19?
True
Is 4660754 a multiple of 897?
False
Is 7 a factor of 10660959?
False
Is 94 a factor of 63074?
True
Is 531770 a multiple of 410?
True
Is 92640 a multiple of 12?
True
Is 6 a factor of 5487000?
True
Is 24 a factor of 20317586?
False
Is 449344 a multiple of 16?
True
Is 697 a factor of 362083?
False
Is 188685 a multiple of 3?
True
Is 64 a factor of 576467?
False
Is 101091 a multiple of 31?
True
Is 5 a factor of 1016106?
False
Is 643 a factor of 383464?
False
Is 338877 a multiple of 27?
True
Is 7323210 a multiple of 81?
True
Is 70142 a multiple of 14?
False
Is 39942 a multiple of 9?
True
Is 69 a factor of 101085?
True
Is 26 a factor of 849070?
False
Is 109 a factor of 1675330?
True
Does 20 divide 29180?
True
Is 186592 a multiple of 63?
False
Is 8 a factor of 214888?
True
Does 287 divide 395773?
True
Is 274788 a multiple of 11?
False
Is 5 a factor of 5060537?
False
Is 10 a factor of 2820250?
True
Does 3 divide 6822?
True
Is 31 a factor of 7547636?
False
Is 4 a factor of 9176440?
True
Is 11 a factor of 135504?
False
Is 71 a factor of 302744?
True
Is 5 a factor of 301?
False
Is 587668 a multiple of 735?
False
Is 117 a factor of 276387?
False
Is 36 a factor of 15430536?
True
Is 58 a factor of 81935?
False
Is 1896643 a multiple of 49?
True
Is 489 a factor of 1066390?
False
Does 39 divide 241956?
True
Is 1613650 a multiple of 33?
False
Is 56985 a multiple of 131?
True
Is 58 a factor of 1404180?
True
Does 203 divide 377868?
False
Does 9 divide 1698938?
False
Does 1141 divide 526001?
True
Is 7 a factor of 86231?
False
Is 214 a factor of 260866?
True
Does 1009 divide 1454978?
True
Does 3 divide 1068444?
True
Does 546 divide 229661?
False
Is 2367300 a multiple of 6?
True
Does 2 divide 20911?
False
Is 413 a factor of 905225?
False
Is 165 a factor of 3471435?
True
Is 61 a factor of 1016138?
True
Is 219 a factor of 351821?
False
Is 45447 a multiple of 2?
False
Is 196 a factor of 9208864?
True
Does 2 divide 1595874?
True
Is 189935 a multiple of 29?
False
Is 141624 a multiple of 5?
False
Does 4 divide 272599?
False
Does 4 divide 86047?
False
Is 9 a factor of 1157644?
False
Is 16 a factor of 7435808?
True
Does 96 divide 269568?
True
Is 8462725 a multiple of 377?
False
Is 15549030 a multiple of 855?
True
Is 1590 a factor of 4479030?
True
Is 2692442 a multiple of 22?
False
Is 870221 a multiple of 23?
False
Does 12 divide 275064?
True
Is 1254820 a multiple of 35?
True
Does 16 divide 9082081?
False
Is 147552 a multiple of 318?
True
Is 16 a factor of 2904426?
False
Is 133140 a multiple of 10?
True
Is 336 a factor of 1242030?
False
Is 224046 a multiple of 161?
False
Is 75 a factor of 325500?
True
Is 366 a factor of 464454?
True
Does 31 divide 618481?
True
Is 119115 a multiple of 48?
False
Is 11 a factor of 1255760?
True
Is 464352 a multiple of 4?
True
Does 56 divide 8252944?
True
Is 270352 a multiple of 277?
True
Is 3250439 a multiple of 72?
False
Does 79 divide 1437484?
True
Is 106 a factor of 474986?
True
Is 203 a factor of 229796?
True
Is 1508 a factor of 5535868?
True
Is 4245225 a multiple of 345?
True
Is 201 a factor of 1037591?
False
Does 152 divide 228912?
True
Is 5095893 a multiple of 11?
True
Is 561 a factor of 9836755?
False
Does 1323 divide 1521631?
False
Does 260 divide 618586?
False
Is 360 a factor of 8938761?
False
Does 11 divide 156213?
False
Is 12734 a multiple of 15?
False
Is 13 a factor of 12559573?
True
Is 191 a factor of 3409880?
False
Is 129 a factor of 87695?
False
Is 3944084 a multiple of 821?
True
Is 871 a factor of 26803797?
False
Is 3162504 a multiple of 12?
True
Is 9 a factor of 963666?
True
Is 48 a factor of 173616?
True
Is 557990 a multiple of 74?
False
Does 5 divide 27524?
False
Is 4 a factor of 1041439?
False
Is 82 a factor of 1817940?
True
Is 303 a factor of 650541?
True
Is 395105 a multiple of 158?
False
Is 85 a factor of 204141?
False
Is 573182 a multiple of 9?
False
Does 80 divide 1406480?
True
Is 94 a factor of 1722174?
True
Is 34 a factor of 489360?
False
Is 36 a factor of 190512?
True
Does 281 divide 4414197?
False
Is 50 a factor of 139836?
False
Is 9 a factor of 346598?
False
Does 130 divide 11757510?
False
Is 703296 a multiple of 44?
True
Is 769938 a multiple of 26?
True
Is 96 a factor of 41760?
True
Does 23 divide 412455?
False
Does 24 divide 493705?
False
Does 48 divide 3734928?
True
Is 17 a factor of 1419355?
False
Does 477 divide 942552?
True
Does 9 divide 1218840?
False
Is 14 a factor of 1003114?
True
Is 5 a factor of 5847740?
True
Is 539900 a multiple of 81?
False
Is 18 a factor of 686934?
True
Is 315 a factor of 1460438?
False
Is 1062557 a multiple of 72?
False
Does 423 divide 3652524?
False
Is 1254690 a multiple of 45?
True
Is 128 a factor of 151168?
True
Is 244680 a multiple of 5?
True
Is 8193654 a multiple of 18?
True
Is 118244 a multiple of 41?
True
Is 8 a factor of 21719?
False
Does 17 divide 561893?
False
Does 13 divide 4251?
True
Does 47 divide 540077?
True
Is 448839 a multiple of 1326?
False
Is 7 a factor of 214185?
False
Is 14 a factor of 4538632?
True
Is 41852 a multiple of 6?
False
Is 90 a factor of 254610?
True
Is 1984472 a multiple of 6?
False
Is 55850 a multiple of 10?
True
Is 2 a factor of 31832?
True
Is 610449 a multiple of 709?
True
Is 3915421 a multiple of 89?
False
Does 121 divide 42142?
False
Is 106 a factor of 8149791?
False
Does 490 divide 998130?
True
Is 25 a factor of 234925?
True
Is 53 a factor of 214863?
False
Does 105 divide 1156945?
False
Is 492 a factor of 1245157?
False
Does 21 divide 451790?
False
Is 1567178 a multiple of 6?
False
Is 173186 a multiple of 5?
False
Does 13 divide 3010098?
True
Does 31 divide 342624?
False
Is 146142 a multiple of 14?
False
Does 63 divide 45738?
True
Is 863971 a multiple of 6?
False
Is 125 a factor of 367375?
True
Is 856290 a multiple of 345?
True
Is 227 a factor of 297158?
False
Does 14 divide 8855595?
False
Does 659 divide 1279778?
True
Is 115044 a multiple of 2?
True
Is 2794220 a multiple of 22?
True
Is 14 a factor of 889457?
False
Is 295253 a multiple of 7?
True
Does 98 divide 374556?
True
Is 13 a factor of 56134